{"id":483,"date":"2025-11-25T08:11:15","date_gmt":"2025-11-25T08:11:15","guid":{"rendered":"https:\/\/dec-art.ro\/?post_type=product&#038;p=483"},"modified":"2025-11-25T08:11:46","modified_gmt":"2025-11-25T08:11:46","slug":"decoratiune-perete-craciun-brad-cerbi-si-sanie-4-m-latime","status":"publish","type":"product","link":"https:\/\/dec-art.ro\/en\/product\/decoratiune-perete-craciun-brad-cerbi-si-sanie-4-m-latime\/","title":{"rendered":"Decora\u021biune Perete Cr\u0103ciun \u2013 Brad, Cerbi \u0219i Sanie (4 m l\u0103\u021bime)"},"content":{"rendered":"<h1>Decora\u021biune Perete Cr\u0103ciun \u2013 Brad, Cerbi \u0219i Sanie (4 m l\u0103\u021bime)<\/h1>\n<p data-start=\"167\" data-end=\"418\">Transform\u0103 orice perete \u00eentr-un decor magic de s\u0103rb\u0103tori cu aceast\u0103 <strong data-start=\"235\" data-end=\"285\">decora\u021biune de Cr\u0103ciun din polistiren expandat<\/strong>, format\u0103 din brazi, cerbi \u0219i sania lui Mo\u0219 Cr\u0103ciun. Perfect\u0103 pentru case, gr\u0103dini\u021be, \u0219coli, magazine, vitrine sau spa\u021bii comerciale.<\/p>\n<h3 data-start=\"420\" data-end=\"448\"><strong data-start=\"424\" data-end=\"448\">Dimensiuni ansamblu:<\/strong><\/h3>\n<ul data-start=\"449\" data-end=\"556\">\n<li data-start=\"449\" data-end=\"479\">\n<p data-start=\"451\" data-end=\"479\"><strong data-start=\"451\" data-end=\"469\">L\u0103\u021bime total\u0103:<\/strong> 4 metri<\/p>\n<\/li>\n<li data-start=\"480\" data-end=\"518\">\n<p data-start=\"482\" data-end=\"518\"><strong data-start=\"482\" data-end=\"508\">\u00cen\u0103l\u021bime maxim\u0103 brazi:<\/strong> 1 metru<\/p>\n<\/li>\n<li data-start=\"519\" data-end=\"556\">\n<p data-start=\"521\" data-end=\"556\"><strong data-start=\"521\" data-end=\"539\">Cerbi + sanie:<\/strong> 75 cm \u00een\u0103l\u021bime<\/p>\n<\/li>\n<\/ul>\n<h3 data-start=\"558\" data-end=\"575\"><strong data-start=\"562\" data-end=\"575\">Material:<\/strong><\/h3>\n<ul data-start=\"576\" data-end=\"689\">\n<li data-start=\"576\" data-end=\"617\">\n<p data-start=\"578\" data-end=\"617\">Polistiren expandat cu densitate mare<\/p>\n<\/li>\n<li data-start=\"618\" data-end=\"639\">\n<p data-start=\"620\" data-end=\"639\">Grosime: <strong data-start=\"629\" data-end=\"637\">5 cm<\/strong><\/p>\n<\/li>\n<li data-start=\"640\" data-end=\"689\">\n<p data-start=\"642\" data-end=\"689\">U\u0219or, rezistent \u0219i simplu de montat pe perete<\/p>\n<\/li>\n<\/ul>\n<h3 data-start=\"691\" data-end=\"707\"><strong data-start=\"695\" data-end=\"707\">Aten\u021bie:<\/strong><\/h3>\n<p data-start=\"708\" data-end=\"918\">\u2757 <strong data-start=\"710\" data-end=\"739\">Luminile NU sunt incluse.<\/strong><br data-start=\"739\" data-end=\"742\" \/>Ele nu sunt comercializate de c\u0103tre noi, \u00eens\u0103 se g\u0103sesc u\u0219or \u00een magazine precum <strong data-start=\"822\" data-end=\"855\">Pepco, Kik, Dedeman, Kaufland<\/strong> etc.<br data-start=\"860\" data-end=\"863\" \/>Cost estimativ: <strong data-start=\"879\" data-end=\"892\">20\u201330 lei<\/strong> pentru \u00eentregul ansamblu. DAr in proportie\u00a0 de 90% se potriveste orice tip de instaltie !<\/p>\n<h3 data-start=\"920\" data-end=\"935\"><strong data-start=\"924\" data-end=\"935\">Montaj:<\/strong><\/h3>\n<p data-start=\"936\" data-end=\"1083\">Pentru asamblare ave\u021bi nevoie de un <strong data-start=\"972\" data-end=\"1002\">pistol de lipit cu silicon<\/strong>.<br data-start=\"1003\" data-end=\"1006\" \/>Metoda de montare poate fi urm\u0103rit\u0103 aici:<br data-start=\"1047\" data-end=\"1050\" \/><strong>Piesele sunt lipite de perete cu ajutorul pistolului de lipit ( tip casnic -cu baton de silicon la cald)\u00a0<\/strong><\/p>\n<p data-start=\"936\" data-end=\"1083\">*Nu strica tencuiala nu lasa urme !<\/p>\n<h3 data-start=\"1085\" data-end=\"1102\"><strong data-start=\"1089\" data-end=\"1102\">Avantaje:<\/strong><\/h3>\n<ul data-start=\"1103\" data-end=\"1301\">\n<li data-start=\"1103\" data-end=\"1154\">\n<p data-start=\"1105\" data-end=\"1154\">Ideal pentru decor de Cr\u0103ciun interior\/exterior<\/p>\n<\/li>\n<li data-start=\"1155\" data-end=\"1184\">\n<p data-start=\"1157\" data-end=\"1184\">U\u0219or de aplicat pe perete<\/p>\n<\/li>\n<li data-start=\"1185\" data-end=\"1225\">\n<p data-start=\"1187\" data-end=\"1225\">Creeaz\u0103 un impact vizual spectaculos<\/p>\n<\/li>\n<li data-start=\"1226\" data-end=\"1263\">\n<p data-start=\"1228\" data-end=\"1263\">Material u\u0219or, durabil \u0219i estetic<\/p>\n<\/li>\n<li data-start=\"1688\" data-end=\"1747\">\n<div dir=\"auto\">\n<div dir=\"auto\">\n<p>Urm\u0103re\u0219te-ne \u0219i pe <a href=\"https:\/\/www.facebook.com\/profile.php?id=61581750010584\" target=\"_blank\" rel=\"noopener\"><img decoding=\"async\" class=\"alignnone wp-image-443\" src=\"https:\/\/dec-art.ro\/wp-content\/uploads\/2025\/11\/Facebook_f_logo_2019.svg_-300x300.png\" sizes=\"(max-width: 27px) 100vw, 27px\" srcset=\"https:\/\/dec-art.ro\/wp-content\/uploads\/2025\/11\/Facebook_f_logo_2019.svg_-300x300.png 300w, https:\/\/dec-art.ro\/wp-content\/uploads\/2025\/11\/Facebook_f_logo_2019.svg_-1024x1024.png 1024w, https:\/\/dec-art.ro\/wp-content\/uploads\/2025\/11\/Facebook_f_logo_2019.svg_-150x150.png 150w, https:\/\/dec-art.ro\/wp-content\/uploads\/2025\/11\/Facebook_f_logo_2019.svg_-768x768.png 768w, https:\/\/dec-art.ro\/wp-content\/uploads\/2025\/11\/Facebook_f_logo_2019.svg_-12x12.png 12w, https:\/\/dec-art.ro\/wp-content\/uploads\/2025\/11\/Facebook_f_logo_2019.svg_-600x600.png 600w, https:\/\/dec-art.ro\/wp-content\/uploads\/2025\/11\/Facebook_f_logo_2019.svg_-100x100.png 100w, https:\/\/dec-art.ro\/wp-content\/uploads\/2025\/11\/Facebook_f_logo_2019.svg_-64x64.png 64w, https:\/\/dec-art.ro\/wp-content\/uploads\/2025\/11\/Facebook_f_logo_2019.svg_.png 1280w\" alt=\"\" width=\"27\" height=\"27\" \/><\/a><\/p>\n<p>\u00cencearc\u0103 \u0219i <a href=\"https:\/\/dec-art.ro\/en\/product\/sanie-lui-mos-craciun-cu-ren-decoratiune-din-polistiren-expandat-set-4m\/\">https:\/\/dec-art.ro\/produs\/sanie-lui-mos-craciun-cu-ren-decoratiune-din-polistiren-expandat-set-4m\/<\/a><\/p>\n<\/div>\n<\/div>\n<\/li>\n<\/ul>","protected":false},"excerpt":{"rendered":"<p>Decora\u021biune Perete Cr\u0103ciun \u2013 Brad, Cerbi \u0219i Sanie (4 m l\u0103\u021bime) Transform\u0103 orice perete \u00eentr-un decor magic de s\u0103rb\u0103tori cu aceast\u0103 decora\u021biune de Cr\u0103ciun din polistiren expandat, format\u0103 din brazi, cerbi \u0219i sania lui Mo\u0219 Cr\u0103ciun. Perfect\u0103 pentru case, gr\u0103dini\u021be, \u0219coli, magazine, vitrine sau spa\u021bii comerciale. Dimensiuni ansamblu: L\u0103\u021bime total\u0103: 4 metri \u00cen\u0103l\u021bime maxim\u0103 brazi: [&hellip;]<\/p>\n","protected":false},"featured_media":487,"comment_status":"open","ping_status":"closed","template":"","meta":[],"product_brand":[],"product_cat":[32,34],"product_tag":[],"class_list":["post-483","product","type-product","status-publish","has-post-thumbnail","product_cat-decoratiuni-de-craciun","product_cat-decoratiuni-de-perete","first","instock","sale","shipping-taxable","purchasable","product-type-simple"],"_links":{"self":[{"href":"https:\/\/dec-art.ro\/en\/wp-json\/wp\/v2\/product\/483","targetHints":{"allow":["GET"]}}],"collection":[{"href":"https:\/\/dec-art.ro\/en\/wp-json\/wp\/v2\/product"}],"about":[{"href":"https:\/\/dec-art.ro\/en\/wp-json\/wp\/v2\/types\/product"}],"replies":[{"embeddable":true,"href":"https:\/\/dec-art.ro\/en\/wp-json\/wp\/v2\/comments?post=483"}],"wp:featuredmedia":[{"embeddable":true,"href":"https:\/\/dec-art.ro\/en\/wp-json\/wp\/v2\/media\/487"}],"wp:attachment":[{"href":"https:\/\/dec-art.ro\/en\/wp-json\/wp\/v2\/media?parent=483"}],"wp:term":[{"taxonomy":"product_brand","embeddable":true,"href":"https:\/\/dec-art.ro\/en\/wp-json\/wp\/v2\/product_brand?post=483"},{"taxonomy":"product_cat","embeddable":true,"href":"https:\/\/dec-art.ro\/en\/wp-json\/wp\/v2\/product_cat?post=483"},{"taxonomy":"product_tag","embeddable":true,"href":"https:\/\/dec-art.ro\/en\/wp-json\/wp\/v2\/product_tag?post=483"}],"curies":[{"name":"wp","href":"https:\/\/api.w.org\/{rel}","templated":true}]}}

Decorațiune Perete Crăciun – Brad, Cerbi și Sanie (4 m lățime)

<h1>Decorațiune Perete Crăciun – Brad, Cerbi și Sanie (4 m lățime)</h1>
<p data-start="167" data-end="418">Transformă orice perete într-un decor magic de sărbători cu această <strong data-start="235" data-end="285">decorațiune de Crăciun din polistiren expandat</strong>, formată din brazi, cerbi și sania lui Moș Crăciun. Perfectă pentru case, grădinițe, școli, magazine, vitrine sau spații comerciale.</p>
<h3 data-start="420" data-end="448"><strong data-start="424" data-end="448">Dimensiuni ansamblu:</strong></h3>
<ul data-start="449" data-end="556">
<li data-start="449" data-end="479">
<p data-start="451" data-end="479"><strong data-start="451" data-end="469">Lățime totală:</strong> 4 metri</p>
</li>
<li data-start="480" data-end="518">
<p data-start="482" data-end="518"><strong data-start="482" data-end="508">Înălțime maximă brazi:</strong> 1 metru</p>
</li>
<li data-start="519" data-end="556">
<p data-start="521" data-end="556"><strong data-start="521" data-end="539">Cerbi + sanie:</strong> 75 cm înălțime</p>
</li>
</ul>
<h3 data-start="558" data-end="575"><strong data-start="562" data-end="575">Material:</strong></h3>
<ul data-start="576" data-end="689">
<li data-start="576" data-end="617">
<p data-start="578" data-end="617">Polistiren expandat cu densitate mare</p>
</li>
<li data-start="618" data-end="639">
<p data-start="620" data-end="639">Grosime: <strong data-start="629" data-end="637">5 cm</strong></p>
</li>
<li data-start="640" data-end="689">
<p data-start="642" data-end="689">Ușor, rezistent și simplu de montat pe perete</p>
</li>
</ul>
<h3 data-start="691" data-end="707"><strong data-start="695" data-end="707">Atenție:</strong></h3>
<p data-start="708" data-end="918">❗ <strong data-start="710" data-end="739">Luminile NU sunt incluse.</strong><br data-start="739" data-end="742" />Ele nu sunt comercializate de către noi, însă se găsesc ușor în magazine precum <strong data-start="822" data-end="855">Pepco, Kik, Dedeman, Kaufland</strong> etc.<br data-start="860" data-end="863" />Cost estimativ: <strong data-start="879" data-end="892">20–30 lei</strong> pentru întregul ansamblu. DAr in proportie  de 90% se potriveste orice tip de instaltie !</p>
<h3 data-start="920" data-end="935"><strong data-start="924" data-end="935">Montaj:</strong></h3>
<p data-start="936" data-end="1083">Pentru asamblare aveți nevoie de un <strong data-start="972" data-end="1002">pistol de lipit cu silicon</strong>.<br data-start="1003" data-end="1006" />Metoda de montare poate fi urmărită aici:<br data-start="1047" data-end="1050" /><strong>Piesele sunt lipite de perete cu ajutorul pistolului de lipit ( tip casnic -cu baton de silicon la cald) </strong></p>
<p data-start="936" data-end="1083">*Nu strica tencuiala nu lasa urme !</p>
<h3 data-start="1085" data-end="1102"><strong data-start="1089" data-end="1102">Avantaje:</strong></h3>
<ul data-start="1103" data-end="1301">
<li data-start="1103" data-end="1154">
<p data-start="1105" data-end="1154">Ideal pentru decor de Crăciun interior/exterior</p>
</li>
<li data-start="1155" data-end="1184">
<p data-start="1157" data-end="1184">Ușor de aplicat pe perete</p>
</li>
<li data-start="1185" data-end="1225">
<p data-start="1187" data-end="1225">Creează un impact vizual spectaculos</p>
</li>
<li data-start="1226" data-end="1263">
<p data-start="1228" data-end="1263">Material ușor, durabil și estetic</p>
</li>
<li data-start="1688" data-end="1747">
<div dir="auto">
<div dir="auto">
<p>Urmărește-ne și pe <a href="https://www.facebook.com/profile.php?id=61581750010584" target="_blank" rel="noopener"><img decoding="async" class="alignnone wp-image-443" src="https://dec-art.ro/wp-content/uploads/2025/11/Facebook_f_logo_2019.svg_-300x300.png" sizes="(max-width: 27px) 100vw, 27px" srcset="https://dec-art.ro/wp-content/uploads/2025/11/Facebook_f_logo_2019.svg_-300x300.png 300w, https://dec-art.ro/wp-content/uploads/2025/11/Facebook_f_logo_2019.svg_-1024x1024.png 1024w, https://dec-art.ro/wp-content/uploads/2025/11/Facebook_f_logo_2019.svg_-150x150.png 150w, https://dec-art.ro/wp-content/uploads/2025/11/Facebook_f_logo_2019.svg_-768x768.png 768w, https://dec-art.ro/wp-content/uploads/2025/11/Facebook_f_logo_2019.svg_-12x12.png 12w, https://dec-art.ro/wp-content/uploads/2025/11/Facebook_f_logo_2019.svg_-600x600.png 600w, https://dec-art.ro/wp-content/uploads/2025/11/Facebook_f_logo_2019.svg_-100x100.png 100w, https://dec-art.ro/wp-content/uploads/2025/11/Facebook_f_logo_2019.svg_-64x64.png 64w, https://dec-art.ro/wp-content/uploads/2025/11/Facebook_f_logo_2019.svg_.png 1280w" alt="" width="27" height="27" /></a></p>
<p>Încearcă și <a href="https://dec-art.ro/en/product/sanie-lui-mos-craciun-cu-ren-decoratiune-din-polistiren-expandat-set-4m/">https://dec-art.ro/produs/sanie-lui-mos-craciun-cu-ren-decoratiune-din-polistiren-expandat-set-4m/</a></p>
</div>
</div>
</li>
</ul>

<p>Decorațiune Perete Crăciun – Brad, Cerbi și Sanie (4 m lățime) Transformă orice perete într-un decor magic de sărbători cu această decorațiune de Crăciun din polistiren expandat, formată din brazi, cerbi și sania lui Moș Crăciun. Perfectă pentru case, grădinițe, școli, magazine, vitrine sau spații comerciale. Dimensiuni ansamblu: Lățime totală: 4 metri Înălțime maximă brazi: [&hellip;]</p>
